{"id":21,"date":"2019-12-03T15:59:10","date_gmt":"2019-12-03T14:59:10","guid":{"rendered":"http:\/\/www.implantologie-orl.fr\/?page_id=21"},"modified":"2020-05-10T14:43:27","modified_gmt":"2020-05-10T12:43:27","slug":"pourquoi-la-tele-expertise-orl-en-implantologie","status":"publish","type":"page","link":"https:\/\/www.concedo.fr\/implantologie-orl\/pourquoi-la-tele-expertise-orl-en-implantologie\/","title":{"rendered":"Pourquoi la t\u00e9l\u00e9-expertise ORL en implantologie ?"},"content":{"rendered":"\n<p>Les chirurgies pr\u00e9-implantaires et implantaires ont connu un fort d\u00e9veloppement ces 30 derni\u00e8res ann\u00e9es gr\u00e2ce aux d\u00e9couvertes notamment sur l\u2019ost\u00e9o-int\u00e9gration du <a href=\"http:\/\/branemark.se\/\" target=\"_blank\" rel=\"noreferrer noopener\" aria-label=\" (s\u2019ouvre dans un nouvel onglet)\">Pr Branemark Per-Ingvar<\/a>. <\/p>\n\n\n\n<figure class=\"wp-block-image size-large\"><img decoding=\"async\" loading=\"lazy\" width=\"894\" height=\"446\" src=\"https:\/\/www.implantologie-orl.fr\/wp-content\/uploads\/2019\/12\/Capture-d\u2019e\u0301cran-2019-12-06-a\u0300-21.12.14-1.png\" alt=\"\" class=\"wp-image-83\" srcset=\"https:\/\/www.concedo.fr\/implantologie-orl\/wp-content\/uploads\/2019\/12\/Capture-d\u2019e\u0301cran-2019-12-06-a\u0300-21.12.14-1.png 894w, https:\/\/www.concedo.fr\/implantologie-orl\/wp-content\/uploads\/2019\/12\/Capture-d\u2019e\u0301cran-2019-12-06-a\u0300-21.12.14-1-300x150.png 300w, https:\/\/www.concedo.fr\/implantologie-orl\/wp-content\/uploads\/2019\/12\/Capture-d\u2019e\u0301cran-2019-12-06-a\u0300-21.12.14-1-768x383.png 768w, https:\/\/www.concedo.fr\/implantologie-orl\/wp-content\/uploads\/2019\/12\/Capture-d\u2019e\u0301cran-2019-12-06-a\u0300-21.12.14-1-541x270.png 541w\" sizes=\"(max-width: 894px) 100vw, 894px\" \/><figcaption>Pr Branemark Per-Ingvar dans son bureau<\/figcaption><\/figure>\n\n\n\n<figure class=\"wp-block-image size-large\"><img decoding=\"async\" loading=\"lazy\" width=\"1024\" height=\"401\" src=\"https:\/\/www.implantologie-orl.fr\/wp-content\/uploads\/2019\/12\/Capture-d\u2019e\u0301cran-2019-12-06-a\u0300-21.17.36-1-1024x401.png\" alt=\"\" class=\"wp-image-84\" srcset=\"https:\/\/www.concedo.fr\/implantologie-orl\/wp-content\/uploads\/2019\/12\/Capture-d\u2019e\u0301cran-2019-12-06-a\u0300-21.17.36-1-1024x401.png 1024w, https:\/\/www.concedo.fr\/implantologie-orl\/wp-content\/uploads\/2019\/12\/Capture-d\u2019e\u0301cran-2019-12-06-a\u0300-21.17.36-1-300x118.png 300w, https:\/\/www.concedo.fr\/implantologie-orl\/wp-content\/uploads\/2019\/12\/Capture-d\u2019e\u0301cran-2019-12-06-a\u0300-21.17.36-1-768x301.png 768w, https:\/\/www.concedo.fr\/implantologie-orl\/wp-content\/uploads\/2019\/12\/Capture-d\u2019e\u0301cran-2019-12-06-a\u0300-21.17.36-1-604x237.png 604w, https:\/\/www.concedo.fr\/implantologie-orl\/wp-content\/uploads\/2019\/12\/Capture-d\u2019e\u0301cran-2019-12-06-a\u0300-21.17.36-1.png 1061w\" sizes=\"(max-width: 1024px) 100vw, 1024px\" \/><figcaption>Dessin technique d&rsquo;implant tir\u00e9 des archives du Pr Branemark Per-Ingvar<\/figcaption><\/figure>\n\n\n\n<p>La r\u00e9habilitation dentaire des secteurs 1 et 2 est tr\u00e8s souvent en contact \u00e9troit avec la paroi sinusienne. <\/p>\n\n\n\n<figure class=\"wp-block-image size-large\"><img decoding=\"async\" loading=\"lazy\" width=\"540\" height=\"332\" src=\"https:\/\/www.implantologie-orl.fr\/wp-content\/uploads\/2019\/12\/Capture-d\u2019e\u0301cran-2019-12-06-a\u0300-21.01.45-1.png\" alt=\"\" class=\"wp-image-85\" srcset=\"https:\/\/www.concedo.fr\/implantologie-orl\/wp-content\/uploads\/2019\/12\/Capture-d\u2019e\u0301cran-2019-12-06-a\u0300-21.01.45-1.png 540w, https:\/\/www.concedo.fr\/implantologie-orl\/wp-content\/uploads\/2019\/12\/Capture-d\u2019e\u0301cran-2019-12-06-a\u0300-21.01.45-1-300x184.png 300w, https:\/\/www.concedo.fr\/implantologie-orl\/wp-content\/uploads\/2019\/12\/Capture-d\u2019e\u0301cran-2019-12-06-a\u0300-21.01.45-1-439x270.png 439w\" sizes=\"(max-width: 540px) 100vw, 540px\" \/><figcaption>Rapports \u00e9troits dents-implants et sinus maxillaire.<\/figcaption><\/figure>\n\n\n\n<p>Les bons r\u00e9sultats de la r\u00e9habilitation dento-proth\u00e9tique implanto-port\u00e9e sont possibles gr\u00e2ce :<\/p>\n\n\n\n<ol><li>Aux progr\u00e8s techniques constants.<\/li><li>Au strict respect des contre indications implantaires.<\/li><\/ol>\n\n\n\n<p><strong>Un taux de 40 % de complications post op\u00e9ratoires a \u00e9t\u00e9 rapport\u00e9 en cas de comblement osseux pr\u00e9-implantaire quand la pathologie rhinosinusienne est ignor\u00e9e.<\/strong><\/p>\n\n\n\n<p>C&rsquo;est pourquoi la <strong>RECHERCHE SYSTEMATIQUE DE PATHOLOGIE RHINOSINUSIENNE est RECOMMANDEE<\/strong> par les principales soci\u00e9t\u00e9s savantes : AFI \/ SFCO \/ SFPIO \/ SFORL<\/p>\n\n\n\n<figure class=\"wp-block-image size-large\"><a href=\"https:\/\/www.orlfrance.org\/recommandations-de-bonne-pratique\/\"><img decoding=\"async\" loading=\"lazy\" width=\"833\" height=\"118\" src=\"https:\/\/www.implantologie-orl.fr\/wp-content\/uploads\/2019\/12\/Capture-d\u2019e\u0301cran-2019-12-06-a\u0300-21.32.00.png\" alt=\"\" class=\"wp-image-86\" srcset=\"https:\/\/www.concedo.fr\/implantologie-orl\/wp-content\/uploads\/2019\/12\/Capture-d\u2019e\u0301cran-2019-12-06-a\u0300-21.32.00.png 833w, https:\/\/www.concedo.fr\/implantologie-orl\/wp-content\/uploads\/2019\/12\/Capture-d\u2019e\u0301cran-2019-12-06-a\u0300-21.32.00-300x42.png 300w, https:\/\/www.concedo.fr\/implantologie-orl\/wp-content\/uploads\/2019\/12\/Capture-d\u2019e\u0301cran-2019-12-06-a\u0300-21.32.00-768x109.png 768w, https:\/\/www.concedo.fr\/implantologie-orl\/wp-content\/uploads\/2019\/12\/Capture-d\u2019e\u0301cran-2019-12-06-a\u0300-21.32.00-604x86.png 604w\" sizes=\"(max-width: 833px) 100vw, 833px\" \/><\/a><figcaption>Extrait de la recommandation de bonne pratique de l&rsquo;AFI SFCO SFPIO et SFORL (Mai 2019)<br><\/figcaption><\/figure>\n\n\n\n<p><strong>L&rsquo;expertise ORL <\/strong>pr\u00e9alable au projet implantaire est donc souvent<strong> indispensable.<\/strong> <\/p>\n\n\n\n<p>Cette expertise ne doit pas \u00eatre consid\u00e9r\u00e9e comme une contrainte suppl\u00e9mentaire \u00e0 un soin d\u00e9j\u00e0 assez long, c&rsquo;est pourquoi <a href=\"http:\/\/www.concedo.fr\/?pk_campaign=blog2019&amp;pk_source=implantologie-orl.fr&amp;pk_medium=blog\">Concedo<\/a> vous permet d&rsquo;obtenir un avis ORL rapide par t\u00e9l\u00e9-expertise. <\/p>\n\n\n\n<figure class=\"wp-block-image size-large is-resized\"><a href=\"https:\/\/www.concedo.fr\"><img decoding=\"async\" loading=\"lazy\" src=\"https:\/\/www.implantologie-orl.fr\/wp-content\/uploads\/2019\/12\/Capture-d\u2019e\u0301cran-2019-12-06-a\u0300-22.12.27.png\" alt=\"\" class=\"wp-image-91\" width=\"452\" height=\"147\"\/><\/a><figcaption>  <\/figcaption><\/figure>\n","protected":false},"excerpt":{"rendered":"<p>Les chirurgies pr\u00e9-implantaires et implantaires ont connu un fort d\u00e9veloppement ces 30 derni\u00e8res ann\u00e9es gr\u00e2ce aux d\u00e9couvertes notamment sur l\u2019ost\u00e9o-int\u00e9gration du Pr Branemark Per-Ingvar. La r\u00e9habilitation dentaire des secteurs 1 et 2 est tr\u00e8s souvent en contact \u00e9troit avec la paroi sinusienne. Les bons r\u00e9sultats de la r\u00e9habilitation dento-proth\u00e9tique implanto-port\u00e9e sont possibles gr\u00e2ce : Aux progr\u00e8s techniques constants. Au strict respect des contre indications implantaires. Un taux de 40 % de complications post op\u00e9ratoires a \u00e9t\u00e9 rapport\u00e9 en cas de&#8230;<\/p>\n<p class=\"read-more\"><a class=\"btn btn-default\" href=\"https:\/\/www.concedo.fr\/implantologie-orl\/pourquoi-la-tele-expertise-orl-en-implantologie\/\">Lire la suite<span class=\"screen-reader-text\"> Lire la suite<\/span><\/a><\/p>\n","protected":false},"author":1,"featured_media":0,"parent":0,"menu_order":0,"comment_status":"closed","ping_status":"closed","template":"","meta":[],"_links":{"self":[{"href":"https:\/\/www.concedo.fr\/implantologie-orl\/wp-json\/wp\/v2\/pages\/21"}],"collection":[{"href":"https:\/\/www.concedo.fr\/implantologie-orl\/wp-json\/wp\/v2\/pages"}],"about":[{"href":"https:\/\/www.concedo.fr\/implantologie-orl\/wp-json\/wp\/v2\/types\/page"}],"author":[{"embeddable":true,"href":"https:\/\/www.concedo.fr\/implantologie-orl\/wp-json\/wp\/v2\/users\/1"}],"replies":[{"embeddable":true,"href":"https:\/\/www.concedo.fr\/implantologie-orl\/wp-json\/wp\/v2\/comments?post=21"}],"version-history":[{"count":25,"href":"https:\/\/www.concedo.fr\/implantologie-orl\/wp-json\/wp\/v2\/pages\/21\/revisions"}],"predecessor-version":[{"id":366,"href":"https:\/\/www.concedo.fr\/implantologie-orl\/wp-json\/wp\/v2\/pages\/21\/revisions\/366"}],"wp:attachment":[{"href":"https:\/\/www.concedo.fr\/implantologie-orl\/wp-json\/wp\/v2\/media?parent=21"}],"curies":[{"name":"wp","href":"https:\/\/api.w.org\/{rel}","templated":true}]}}